-- Pazaryeri v11.1 yedek
-- 2026-06-16T13:01:31+02:00

-- TABLE `abandoned_carts`

-- TABLE `ad_orders`

-- TABLE `addresses`
INSERT INTO `addresses` (`id`,`user_id`,`title`,`city`,`district`,`full_address`,`phone`) VALUES ('1','3','Ev','İstanbul','Kadıköy','Demo Mah. Demo Sok. No:1','05555555555');

-- TABLE `audit_logs`
INSERT INTO `audit_logs` (`id`,`user_id`,`action`,`ip`,`user_agent`,`created_at`) VALUES ('1','2','user_login','::1','Mozilla/5.0 (Windows NT 10.0; Win64; x64) AppleWebKit/537.36 (KHTML, like Gecko) Chrome/148.0.0.0 Safari/537.36 OPR/132.0.0.0','2026-06-16 13:41:58');
INSERT INTO `audit_logs` (`id`,`user_id`,`action`,`ip`,`user_agent`,`created_at`) VALUES ('2','2','vendor_product_updated_6','::1','Mozilla/5.0 (Windows NT 10.0; Win64; x64) AppleWebKit/537.36 (KHTML, like Gecko) Chrome/148.0.0.0 Safari/537.36 OPR/132.0.0.0','2026-06-16 13:57:48');
INSERT INTO `audit_logs` (`id`,`user_id`,`action`,`ip`,`user_agent`,`created_at`) VALUES ('3','2','vendor_product_updated_5','::1','Mozilla/5.0 (Windows NT 10.0; Win64; x64) AppleWebKit/537.36 (KHTML, like Gecko) Chrome/148.0.0.0 Safari/537.36 OPR/132.0.0.0','2026-06-16 13:58:22');
INSERT INTO `audit_logs` (`id`,`user_id`,`action`,`ip`,`user_agent`,`created_at`) VALUES ('4','2','vendor_product_updated_4','::1','Mozilla/5.0 (Windows NT 10.0; Win64; x64) AppleWebKit/537.36 (KHTML, like Gecko) Chrome/148.0.0.0 Safari/537.36 OPR/132.0.0.0','2026-06-16 13:58:45');
INSERT INTO `audit_logs` (`id`,`user_id`,`action`,`ip`,`user_agent`,`created_at`) VALUES ('5','2','vendor_product_updated_3','::1','Mozilla/5.0 (Windows NT 10.0; Win64; x64) AppleWebKit/537.36 (KHTML, like Gecko) Chrome/148.0.0.0 Safari/537.36 OPR/132.0.0.0','2026-06-16 13:59:07');
INSERT INTO `audit_logs` (`id`,`user_id`,`action`,`ip`,`user_agent`,`created_at`) VALUES ('6','2','vendor_product_updated_2','::1','Mozilla/5.0 (Windows NT 10.0; Win64; x64) AppleWebKit/537.36 (KHTML, like Gecko) Chrome/148.0.0.0 Safari/537.36 OPR/132.0.0.0','2026-06-16 14:00:11');
INSERT INTO `audit_logs` (`id`,`user_id`,`action`,`ip`,`user_agent`,`created_at`) VALUES ('7','2','vendor_product_updated_1','::1','Mozilla/5.0 (Windows NT 10.0; Win64; x64) AppleWebKit/537.36 (KHTML, like Gecko) Chrome/148.0.0.0 Safari/537.36 OPR/132.0.0.0','2026-06-16 14:00:33');
INSERT INTO `audit_logs` (`id`,`user_id`,`action`,`ip`,`user_agent`,`created_at`) VALUES ('8','1','user_login','::1','Mozilla/5.0 (Windows NT 10.0; Win64; x64) AppleWebKit/537.36 (KHTML, like Gecko) Chrome/148.0.0.0 Safari/537.36 OPR/132.0.0.0','2026-06-16 14:00:41');

-- TABLE `banners`
INSERT INTO `banners` (`id`,`title`,`subtitle`,`image_url`,`target_url`,`placement`,`sort_order`,`status`,`created_at`) VALUES ('1','Yaz fırsatları başladı','Moda, elektronik ve ev yaşamda seçili ürünlerde indirim','🛍️','products.php','home_hero','1','active','2026-06-16 00:17:05');
INSERT INTO `banners` (`id`,`title`,`subtitle`,`image_url`,`target_url`,`placement`,`sort_order`,`status`,`created_at`) VALUES ('2','Kargo bedava ürünleri keşfet','750 TL üzeri alışverişlerde avantajlı teslimat','🚚','products.php','home_strip','1','active','2026-06-16 00:17:05');

-- TABLE `campaign_products`

-- TABLE `campaigns`

-- TABLE `cargo_integrations`

-- TABLE `cargo_shipments`

-- TABLE `categories`
INSERT INTO `categories` (`id`,`parent_id`,`name`,`slug`,`sort_order`) VALUES ('1',NULL,'Elektronik','elektronik','1');
INSERT INTO `categories` (`id`,`parent_id`,`name`,`slug`,`sort_order`) VALUES ('2',NULL,'Ev & Yaşam','ev-yasam','2');
INSERT INTO `categories` (`id`,`parent_id`,`name`,`slug`,`sort_order`) VALUES ('3',NULL,'Moda','moda','3');
INSERT INTO `categories` (`id`,`parent_id`,`name`,`slug`,`sort_order`) VALUES ('4',NULL,'Kişisel Bakım','kisisel-bakim','4');
INSERT INTO `categories` (`id`,`parent_id`,`name`,`slug`,`sort_order`) VALUES ('5','1','Akıllı Saat','akilli-saat','1');
INSERT INTO `categories` (`id`,`parent_id`,`name`,`slug`,`sort_order`) VALUES ('6','1','Kulaklık','kulaklik','2');
INSERT INTO `categories` (`id`,`parent_id`,`name`,`slug`,`sort_order`) VALUES ('7','3','T-Shirt','t-shirt','1');

-- TABLE `compare_lists`

-- TABLE `consent_logs`

-- TABLE `coupons`
INSERT INTO `coupons` (`id`,`code`,`type`,`value`,`min_cart`,`usage_limit`,`used_count`,`status`) VALUES ('1','HOSGELDIN10','percent','10.00','250.00','100','0','active');
INSERT INTO `coupons` (`id`,`code`,`type`,`value`,`min_cart`,`usage_limit`,`used_count`,`status`) VALUES ('2','KARGO50','fixed','50.00','500.00','50','0','active');

-- TABLE `currencies`
INSERT INTO `currencies` (`id`,`code`,`symbol`,`rate_to_try`,`is_default`,`status`) VALUES ('1','TRY','₺','1.0000','1','active');
INSERT INTO `currencies` (`id`,`code`,`symbol`,`rate_to_try`,`is_default`,`status`) VALUES ('2','USD','$','32.0000','0','active');
INSERT INTO `currencies` (`id`,`code`,`symbol`,`rate_to_try`,`is_default`,`status`) VALUES ('3','EUR','€','35.0000','0','active');

-- TABLE `customer_tiers`
INSERT INTO `customer_tiers` (`id`,`name`,`min_points`,`discount_percent`,`badge`,`status`) VALUES ('1','Bronze','0','0.00','bronze','active');
INSERT INTO `customer_tiers` (`id`,`name`,`min_points`,`discount_percent`,`badge`,`status`) VALUES ('2','Silver','500','2.00','silver','active');
INSERT INTO `customer_tiers` (`id`,`name`,`min_points`,`discount_percent`,`badge`,`status`) VALUES ('3','Gold','1500','5.00','gold','active');

-- TABLE `dropshipping_import_items`

-- TABLE `dropshipping_imports`

-- TABLE `email_templates`

-- TABLE `favorites`
INSERT INTO `favorites` (`id`,`user_id`,`product_id`,`created_at`) VALUES ('1','4','1','2026-06-16 00:41:36');

-- TABLE `flash_logs`

-- TABLE `home_blocks`

-- TABLE `integration_logs`

-- TABLE `invoice_integrations`

-- TABLE `invoices`

-- TABLE `languages`
INSERT INTO `languages` (`id`,`code`,`name`,`is_default`,`status`) VALUES ('1','tr','Türkçe','1','active');
INSERT INTO `languages` (`id`,`code`,`name`,`is_default`,`status`) VALUES ('2','en','English','0','active');

-- TABLE `legal_pages`
INSERT INTO `legal_pages` (`id`,`slug`,`title`,`content`,`status`,`updated_at`) VALUES ('1','kvkk','KVKK Aydınlatma Metni','Kişisel verileriniz sipariş, üyelik, destek ve güvenlik süreçleri için işlenir.','active','2026-06-16 00:47:36');
INSERT INTO `legal_pages` (`id`,`slug`,`title`,`content`,`status`,`updated_at`) VALUES ('2','gizlilik','Gizlilik Politikası','Üyelik ve sipariş verileriniz güvenli altyapıda saklanır.','active','2026-06-16 00:47:36');
INSERT INTO `legal_pages` (`id`,`slug`,`title`,`content`,`status`,`updated_at`) VALUES ('3','mesafeli-satis','Mesafeli Satış Sözleşmesi','Ürün, teslimat, cayma hakkı ve iade süreçleri bu sözleşme kapsamındadır.','active','2026-06-16 00:47:36');
INSERT INTO `legal_pages` (`id`,`slug`,`title`,`content`,`status`,`updated_at`) VALUES ('4','iade-politikasi','İade Politikası','Müşteri panelinden iade talebi oluşturabilir ve süreci takip edebilirsiniz.','active','2026-06-16 00:47:36');
INSERT INTO `legal_pages` (`id`,`slug`,`title`,`content`,`status`,`updated_at`) VALUES ('5','cerez','Çerez Politikası','Zorunlu ve isteğe bağlı çerezlerle deneyim iyileştirilir.','active','2026-06-16 00:47:36');

-- TABLE `loyalty_transactions`

-- TABLE `notification_templates`
INSERT INTO `notification_templates` (`id`,`code`,`title`,`body`,`channel`,`status`) VALUES ('1','order_created','Sipariş Alındı','Siparişiniz başarıyla oluşturuldu.','site','active');
INSERT INTO `notification_templates` (`id`,`code`,`title`,`body`,`channel`,`status`) VALUES ('2','shipment','Kargo Bilgisi','Siparişiniz kargoya verildi.','site','active');

-- TABLE `notifications`
INSERT INTO `notifications` (`id`,`user_id`,`title`,`body`,`type`,`is_read`,`created_at`) VALUES ('1','3','Hoş geldin','Sepetine v5 bildirim sistemi aktif.','success','0','2026-06-16 00:17:05');
INSERT INTO `notifications` (`id`,`user_id`,`title`,`body`,`type`,`is_read`,`created_at`) VALUES ('2','2','Satıcı cüzdanı','Hakediş raporları cüzdan ekranında görüntülenebilir.','info','0','2026-06-16 00:17:05');

-- TABLE `popup_campaigns`

-- TABLE `product_images`
INSERT INTO `product_images` (`id`,`product_id`,`image_url`,`sort_order`) VALUES ('1','1','⌚','1');
INSERT INTO `product_images` (`id`,`product_id`,`image_url`,`sort_order`) VALUES ('2','2','🎧','1');
INSERT INTO `product_images` (`id`,`product_id`,`image_url`,`sort_order`) VALUES ('3','3','☕','1');
INSERT INTO `product_images` (`id`,`product_id`,`image_url`,`sort_order`) VALUES ('4','4','👕','1');
INSERT INTO `product_images` (`id`,`product_id`,`image_url`,`sort_order`) VALUES ('5','5','🧴','1');
INSERT INTO `product_images` (`id`,`product_id`,`image_url`,`sort_order`) VALUES ('6','6','💡','1');
INSERT INTO `product_images` (`id`,`product_id`,`image_url`,`sort_order`) VALUES ('7','6','uploads/products/20260616125748_509218b672.webp','2');
INSERT INTO `product_images` (`id`,`product_id`,`image_url`,`sort_order`) VALUES ('8','5','uploads/products/20260616125822_86a6cd595b.jpg','2');
INSERT INTO `product_images` (`id`,`product_id`,`image_url`,`sort_order`) VALUES ('9','4','uploads/products/20260616125845_6db268d7de.jpg','2');
INSERT INTO `product_images` (`id`,`product_id`,`image_url`,`sort_order`) VALUES ('10','3','uploads/products/20260616125907_62b4ecd37a.jpg','2');
INSERT INTO `product_images` (`id`,`product_id`,`image_url`,`sort_order`) VALUES ('11','2','uploads/products/20260616130011_ffe3cc6642.jpg','2');
INSERT INTO `product_images` (`id`,`product_id`,`image_url`,`sort_order`) VALUES ('12','1','uploads/products/20260616130033_51480f7c7a.webp','2');

-- TABLE `product_questions`
INSERT INTO `product_questions` (`id`,`user_id`,`product_id`,`question`,`answer`,`status`,`created_at`,`answered_at`) VALUES ('1','1','4','test soru',NULL,'pending','2026-06-16 13:31:49',NULL);

-- TABLE `product_upload_logs`

-- TABLE `product_variants`
INSERT INTO `product_variants` (`id`,`product_id`,`color`,`size`,`stock`,`price_diff`,`sku`,`barcode`,`reserved_stock`) VALUES ('5','4','Siyah','M','20','0.00',NULL,NULL,'0');
INSERT INTO `product_variants` (`id`,`product_id`,`color`,`size`,`stock`,`price_diff`,`sku`,`barcode`,`reserved_stock`) VALUES ('6','4','Beyaz','L','30','0.00',NULL,NULL,'0');
INSERT INTO `product_variants` (`id`,`product_id`,`color`,`size`,`stock`,`price_diff`,`sku`,`barcode`,`reserved_stock`) VALUES ('7','1','Siyah','Standart','10','0.00',NULL,NULL,'0');
INSERT INTO `product_variants` (`id`,`product_id`,`color`,`size`,`stock`,`price_diff`,`sku`,`barcode`,`reserved_stock`) VALUES ('8','1','Gümüş','Standart','15','50.00',NULL,NULL,'0');

-- TABLE `products`
INSERT INTO `products` (`id`,`vendor_id`,`store_id`,`category_id`,`name`,`description`,`price`,`discount_price`,`stock`,`status`,`featured`,`created_at`,`sku`,`barcode`,`slug`,`short_description`,`meta_title`,`meta_description`,`updated_at`) VALUES ('1','2','1','5','Akıllı Saat Pro','Kalp ritmi, adım sayar, spor modu ve bildirim desteği.','1699.90','1399.90','25','active','1','2026-06-16 00:17:05','','','akilli-saat-pro','','','','2026-06-16 14:01:07');
INSERT INTO `products` (`id`,`vendor_id`,`store_id`,`category_id`,`name`,`description`,`price`,`discount_price`,`stock`,`status`,`featured`,`created_at`,`sku`,`barcode`,`slug`,`short_description`,`meta_title`,`meta_description`,`updated_at`) VALUES ('2','2','1','6','Bluetooth Kulaklık','Uzun pil ömrü ve net ses kalitesi.','999.90','849.90','50','active','1','2026-06-16 00:17:05','','','bluetooth-kulaklik','','','','2026-06-16 14:01:05');
INSERT INTO `products` (`id`,`vendor_id`,`store_id`,`category_id`,`name`,`description`,`price`,`discount_price`,`stock`,`status`,`featured`,`created_at`,`sku`,`barcode`,`slug`,`short_description`,`meta_title`,`meta_description`,`updated_at`) VALUES ('3','2','1','2','Premium Kahve Makinesi','Ev ve ofis için şık kahve makinesi.','3299.00','2999.00','12','active','1','2026-06-16 00:17:05','','','premium-kahve-makinesi','','','','2026-06-16 14:01:02');
INSERT INTO `products` (`id`,`vendor_id`,`store_id`,`category_id`,`name`,`description`,`price`,`discount_price`,`stock`,`status`,`featured`,`created_at`,`sku`,`barcode`,`slug`,`short_description`,`meta_title`,`meta_description`,`updated_at`) VALUES ('4','2','1','7','Oversize Basic T-Shirt','Yumuşak kumaşlı modern kesim.','399.90','299.90','100','active','0','2026-06-16 00:17:05','','','oversize-basic-t-shirt','','','','2026-06-16 14:00:59');
INSERT INTO `products` (`id`,`vendor_id`,`store_id`,`category_id`,`name`,`description`,`price`,`discount_price`,`stock`,`status`,`featured`,`created_at`,`sku`,`barcode`,`slug`,`short_description`,`meta_title`,`meta_description`,`updated_at`) VALUES ('5','2','1','4','Doğal Bakım Seti','Günlük kişisel bakım seti.','699.90',NULL,'40','active','0','2026-06-16 00:17:05','','','dogal-bakim-seti','','','','2026-06-16 14:00:56');
INSERT INTO `products` (`id`,`vendor_id`,`store_id`,`category_id`,`name`,`description`,`price`,`discount_price`,`stock`,`status`,`featured`,`created_at`,`sku`,`barcode`,`slug`,`short_description`,`meta_title`,`meta_description`,`updated_at`) VALUES ('6','2','1','2','Minimal Masa Lambası','Modern LED masa lambası.','579.90','499.90','35','active','0','2026-06-16 00:17:05','','','minimal-masa-lambasi','','','','2026-06-16 14:00:52');

-- TABLE `push_tokens`

-- TABLE `recently_viewed_products`

-- TABLE `referrals`

-- TABLE `return_requests`

-- TABLE `reviews`
INSERT INTO `reviews` (`id`,`user_id`,`product_id`,`rating`,`comment`,`status`,`created_at`) VALUES ('1','3','1','5','Kurulum kolay, kargo hızlı ve ürün fiyatına göre çok başarılı.','active','2026-06-16 00:17:05');
INSERT INTO `reviews` (`id`,`user_id`,`product_id`,`rating`,`comment`,`status`,`created_at`) VALUES ('2','3','2','4','Ses kalitesi güzel, pil süresi tatmin edici.','active','2026-06-16 00:17:05');
INSERT INTO `reviews` (`id`,`user_id`,`product_id`,`rating`,`comment`,`status`,`created_at`) VALUES ('3','1','4','5','test yorum','pending','2026-06-16 13:31:42');

-- TABLE `search_logs`

-- TABLE `seo_meta`

-- TABLE `seo_redirects`

-- TABLE `settings`
INSERT INTO `settings` (`id`,`setting_key`,`setting_value`) VALUES ('1','site_name','Sepetine Pazaryeri v5');
INSERT INTO `settings` (`id`,`setting_key`,`setting_value`) VALUES ('2','logo_text','Sepetine');
INSERT INTO `settings` (`id`,`setting_key`,`setting_value`) VALUES ('3','shipping_fee','49.90');
INSERT INTO `settings` (`id`,`setting_key`,`setting_value`) VALUES ('4','free_shipping_min','750');
INSERT INTO `settings` (`id`,`setting_key`,`setting_value`) VALUES ('5','support_email','destek@sepetine.com');
INSERT INTO `settings` (`id`,`setting_key`,`setting_value`) VALUES ('6','paytr_mode','test');
INSERT INTO `settings` (`id`,`setting_key`,`setting_value`) VALUES ('7','iyzico_mode','sandbox');
INSERT INTO `settings` (`id`,`setting_key`,`setting_value`) VALUES ('8','invoice_tax_rate','20');
INSERT INTO `settings` (`id`,`setting_key`,`setting_value`) VALUES ('9','upload_max_mb','5');
INSERT INTO `settings` (`id`,`setting_key`,`setting_value`) VALUES ('10','search_min_chars','2');
INSERT INTO `settings` (`id`,`setting_key`,`setting_value`) VALUES ('11','v9_modules','toast,corporate_ui,mega_menu,legal_pages,cookie_consent,product_questions,store_follow,stock_alert,compare,recently_viewed,home_builder');
INSERT INTO `settings` (`id`,`setting_key`,`setting_value`) VALUES ('12','home_hero_title','Türkiye’nin kurumsal pazaryeri');
INSERT INTO `settings` (`id`,`setting_key`,`setting_value`) VALUES ('13','home_hero_text','Güvenli alışveriş, onaylı satıcı, hızlı kargo ve kolay iade deneyimi.');
INSERT INTO `settings` (`id`,`setting_key`,`setting_value`) VALUES ('14','cookie_consent_enabled','1');
INSERT INTO `settings` (`id`,`setting_key`,`setting_value`) VALUES ('15','v10_modules','slider_admin,live_payment_layer,cargo_api_layer,invoice_layer,seo_manager,performance_cache,mobile_api_final,theme_editor');
INSERT INTO `settings` (`id`,`setting_key`,`setting_value`) VALUES ('16','cache_enabled','1');
INSERT INTO `settings` (`id`,`setting_key`,`setting_value`) VALUES ('17','slider_enabled','1');
INSERT INTO `settings` (`id`,`setting_key`,`setting_value`) VALUES ('18','payment_live_ready','paytr,iyzico');
INSERT INTO `settings` (`id`,`setting_key`,`setting_value`) VALUES ('19','cargo_live_ready','yurtici,mng,aras,surat');
INSERT INTO `settings` (`id`,`setting_key`,`setting_value`) VALUES ('20','invoice_live_ready','parasut,logo,mikro');

-- TABLE `shipment_logs`

-- TABLE `sliders`
INSERT INTO `sliders` (`id`,`title`,`subtitle`,`image_url`,`button_text`,`target_url`,`sort_order`,`status`,`starts_at`,`ends_at`,`created_at`,`updated_at`) VALUES ('1','Granit Tencere Setleri','Mutfaktan eve binlerce üründe özel indirimleri keşfet.','uploads/sliders/20260616122422_c14e874ab3.jpg','Fırsatları Gör','products.php?sort=discount','1','active',NULL,NULL,'2026-06-16 00:56:47','2026-06-16 13:24:22');
INSERT INTO `sliders` (`id`,`title`,`subtitle`,`image_url`,`button_text`,`target_url`,`sort_order`,`status`,`starts_at`,`ends_at`,`created_at`,`updated_at`) VALUES ('2','Babalar Gününe Özel','Güvenli alışveriş, hızlı teslimat ve kolay iade deneyimi.','uploads/sliders/20260616122934_d254cf052a.webp','Mağazaları Gez','stores.php','2','active',NULL,NULL,'2026-06-16 00:56:47','2026-06-16 13:29:34');
INSERT INTO `sliders` (`id`,`title`,`subtitle`,`image_url`,`button_text`,`target_url`,`sort_order`,`status`,`starts_at`,`ends_at`,`created_at`,`updated_at`) VALUES ('3','Kozmetikte dev indirimler','Sepette avantajlı ürünleri ve kampanyaları kaçırma.','uploads/sliders/20260616123014_c11d81ba41.webp','Alışverişe Başla','products.php','3','active',NULL,NULL,'2026-06-16 00:56:47','2026-06-16 13:30:14');

-- TABLE `sms_logs`

-- TABLE `sponsored_products`

-- TABLE `stock_alerts`
INSERT INTO `stock_alerts` (`id`,`user_id`,`product_id`,`email`,`notified_at`,`created_at`) VALUES ('1','4','2','kabayoo16@gmail.com',NULL,'2026-06-16 00:48:08');

-- TABLE `store_followers`

-- TABLE `stores`
INSERT INTO `stores` (`id`,`user_id`,`name`,`slug`,`description`,`commission_rate`,`status`,`created_at`,`cargo_company`) VALUES ('1','2','Test','test','Elektronik, ev yaşam ve moda ürünlerinde güvenilir satıcı.','8.50','active','2026-06-16 00:17:04','yurtici');

-- TABLE `supplier_feeds`

-- TABLE `theme_presets`
INSERT INTO `theme_presets` (`id`,`name`,`primary_color`,`secondary_color`,`header_style`,`footer_style`,`is_active`,`created_at`) VALUES ('1','Kurumsal Turuncu','#f27a1a','#222','marketplace','corporate','1','2026-06-16 13:39:00');

-- TABLE `vendor_shipping_rules`
INSERT INTO `vendor_shipping_rules` (`id`,`vendor_id`,`company`,`base_price`,`free_shipping_min`,`status`,`created_at`) VALUES ('1','2','yurtici','69.90','1000.00','active','2026-06-16 00:15:25');
INSERT INTO `vendor_shipping_rules` (`id`,`vendor_id`,`company`,`base_price`,`free_shipping_min`,`status`,`created_at`) VALUES ('2','2','yurtici','69.90','1000.00','active','2026-06-16 00:17:05');

-- TABLE `wallet_transactions`
INSERT INTO `wallet_transactions` (`id`,`user_id`,`order_id`,`amount`,`type`,`description`,`created_at`) VALUES ('1','2',NULL,'2450.00','earning','Demo satıcı hakedişi','2026-06-16 00:17:05');
INSERT INTO `wallet_transactions` (`id`,`user_id`,`order_id`,`amount`,`type`,`description`,`created_at`) VALUES ('2','2',NULL,'250.00','payout','Demo ödeme düşümü','2026-06-16 00:17:05');

